d by a(-20)?
6
Let f = 30 + 9. Suppose -x = -5*h + 11, 4*x - 3*x + 5*h - f = 0. What is the remainder when 40 is divided by x?
12
Suppose 15 + 345 = 90*j. What is the remainder when 103 is divided by j?
3
Let l = 301 - 252. Calculate the remainder when l is divided by 28.
21
Let t(h) = h**2 + 3*h. Let m(d) = -d**3 + 24*d**2 - 45*d + 28. What is the remainder when m(22) is divided by t(-4)?
2
Suppose -c - 199 = -2*c - x, -191 = -c - 3*x. Let u = c + -94. What is the remainder when u is divided by 28?
25
Let z(u) = 2*u**2 - 32 + 13 + 5*u + 31. What is the remainder when z(-5) is divided by 20?
17
Suppose -5*a + 79 + 296 = 0. What is the remainder when a is divided by 12/(-4) - (-12 - 2)?
9
Let h(n) = -98*n**3 - n**2 + 6*n + 5. What is the remainder when h(-1) is divided by 50?
46
Suppose 6*p + 270 - 432 = 0. Calculate the remainder when 104 is divided by p.
23
Let f = 72 + -31. Suppose 0 = -115*i + 143*i - 392. Calculate the remainder when f is divided by i.
13
Let x = 24 + 10. Suppose -3*j - w + 32 = 0, -j - 2*j + w = -x. What is the remainder when 18 is divided by j?
7
Suppose 12*u - 13*u + 237 = 0. What is the remainder when u is divided by 11 + (-14)/49 + 60/14?
12
Suppose 5*t + 43 = 103. Calculate the remainder when 47 is divided by t.
11
Suppose 17*f = 46*f - 2378. What is the remainder when f is divided by ((-28)/6)/(8/(-36))?
19
Let t(m) = m**2 + 47*m - 465. What is the remainder when t(-59) is divided by 51?
39
What is the remainder when 131 is divided by ((-2)/6)/(7/(-399))?
17
Suppose 0 = -3*b + 4*c, 0*b - 3*c = 2*b. Suppose 0 = -4*s + y + 2*y + 68, b = y. Calculate the remainder when 84 is divided by s.
16
Let y(u) = 8*u + 1. Suppose 4*t - 91 - 9 = 0. Suppose 2*r + 4*g = 5*r - t, g = -5*r + 11. Calculate the remainder when y(r) is divided by 14.
11
Let l = -14 + 13. Let d(b) = -47*b**3 + b**2 + 2*b + 1. Let x = -15 + 25. What is the remainder when d(l) is divided by x?
7
Let w = 32 + -24. Let q be (-4)/8*8 + w. What is the remainder when q*10 + -4 + 6 is divided by 22?
20
Let c = 26 + -10. Let z(x) = -2*x**2 + 43*x + 96. Calculate the remainder when z(23) is divided by c.
11
Suppose 2*q = -4*i + 74, -2*q - 39 = -5*i + 40. Let n = -92 + 129. What is the remainder when n is divided by i?
3
Suppose g - 2*c - 79 = 0, 4*c + 14 = -6. Calculate the remainder when 183 is divided by g.
45
Suppose 11*f + 93 - 313 = 0. Calculate the remainder when 54 is divided by f.
14
Let x(j) = j**3 - 4*j**2 + 5*j - 3. Let r be x(3). Suppose 0 = 4*z - r - 153. Suppose 38*q - 260 = 6. Calculate the remainder when z is divided by q.
4
Let s = -5 + 5. Suppose s*p - 180 = -3*p. Suppose 2*k = -p + 162. What is the remainder when k is divided by 18?
15
Let y(c) = -c**2 - 5*c - 1. Let q = -13 + 17. Suppose 8*f - 10*f + q = 0. Calculate the remainder when y(-4) is divided by f.
1
Suppose -3*m - 31 = -463. Calculate the remainder when m is divided by 7.
4
Suppose -3*i - 23 + 179 = 0. Suppose 27*r - 14*r = i. Calculate the remainder when 17 is divided by r.
1
Calculate the remainder when (-4)/(-9) - (-3355)/45 is divided by 18.
3
Let t be ((-60)/50)/((-3)/10). Suppose g + 252 = t*g. What is the remainder when g is divided by 29?
26
Let j(m) = -9*m**3 - 4*m**2 + 8*m + 7. Let g be j(-4). Suppose 0 = 9*w - 494 - g. Calculate the remainder when w is divided by 22.
21
Let s = 18 + -18. Suppose -3*n + 17 = 4*j, 3*n - 5*n = -3*j - 17. Calculate the remainder when (-78 + s)*1/(-3) is divided by n.
5
Suppose 0 = -11*c + 6*c + 25. Suppose -c = -5*t + 40. Calculate the remainder when (34/6)/(9/54) is divided by t.
7
Suppose g + 63 = 4*q, -1 = -q - 4*g + 36. What is the remainder when q is divided by 13?
4
Suppose d + 3*a = 5, 3*a - 16 = 4*d - 6*d. Suppose -i + 3*b + 2 = i, 15 = 5*i - 5*b. What is the remainder when d is divided by i?
4
Suppose 3*h = w + 9, 2*h + 4 = -3*w - 1. Suppose 5*g = t - 0*g + 15, h*t + 3*g - 35 = 0. Calculate the remainder when 36 is divided by t.
6
Suppose 2*p + 10 = -2*o, 2*p + 1 = 3*p. Calculate the remainder when 28 is divided by 2 - (-3 - o)*-1.
3
Let a = 5 + 0. Suppose 3*l - 223 = -5*d, -a*d = -0*d + 4*l - 219. What is the remainder when d is divided by 25?
22
Let q(z) = -z**2 - 15*z - 4. Let p be q(-14). Suppose 0 = -8*a + 6*a + p. What is the remainder when 28 is divided by a?
3
Suppose -4*w - r + 78 = 0, r - 1 = 3*w - 56. Let a(j) = j**2 + 18*j + 21. Let s be a(-18). Let c = s - 16. Calculate the remainder when w is divided by c.
4
Let x = -157 + 222. Calculate the remainder when 257 is divided by x.
62
Suppose 4*i + i = 5*x - 320, 3*x - 5*i - 194 = 0. Calculate the remainder when x is divided by 6.
3
Calculate the remainder when 42 is divided by (-21)/(-2) - (1 + 9/(-6)).
9
Let f = 2505 + -2499. Calculate the remainder when 448 is divided by f.
4
Let i(b) = 2*b**3 - 18*b**2 - 10*b - 13. Calculate the remainder when i(10) is divided by 19.
11
Let r = 7 + 20. Suppose 0 = r*l - 31*l + 64. Calculate the remainder when l is divided by 1/(-4) - 111/(-12).
7
Let b(a) = -3 - 2*a + 2*a - 3*a. Let c = -1091 + 1097. Calculate the remainder when b(-6) is divided by c.
3
Let v = -2879 + 2887. Calculate the remainder when v is divided by (-2)/(0 - 1/3).
2
Calculate the remainder when 43 is divided by 2*3/((-6)/(-8)).
3
Suppose 4*j - 144 = -4*s, 4*s - 22 + 2 = 0. Suppose 93 + j = 2*h. Calculate the remainder when h is divided by 13.
10
Let r be (-9)/6*-4 - -3. Suppose -5*b = 2*w - 0*w - r, -3*w - 24 = -5*b. Let d = 11 - b. What is the remainder when 31 is divided by d?
7
Suppose -3*o = -3*f, 5*o - 3 = 3*f + 1. Suppose 3*t + 0*g - 49 = o*g, -5*t + 67 = 4*g. Calculate the remainder when t is divided by 4*3/(-4)*-2.
3
Let f = 148 + -66. Let k = 1215 + -1201. What is the remainder when f is divided by k?
12
What is the remainder when (-1837)/110*-5 - (-10)/(-4) is divided by 42?
39
Let w = -3864 + 3893. Calculate the remainder when 4/10 - 836/(-10) is divided by w.
26
Suppose m = 6 - 4. Let p(a) = -a - 1. Let q be p(-6). Suppose -23 = q*z - 3*j - 113, -z = -m*j - 18. Calculate the remainder when 52 is divided by z.
16
Let v be (-4)/(-24) + 94/12 + 0. Suppose 2*c - 2*o - 36 = 0, 0*c + 4*o = -c + v. What is the remainder when 43 is divided by c?
11
Suppose 2*g - 5*g + 3 = 0. Let b be (0*(-4)/(-16))/g. Let n = 8 + b. What is the remainder when 30 is divided by n?
6
Let h(p) = 9 - 7 - 2*p - 7 + p**3 + 5*p**2 - 6*p. Calculate the remainder when h(-5) is divided by 18.
17
Let z = -10 - -13. Suppose -2*h - 47 = -5*h - g, -3*g = -z*h + 51. Let w = h + -9. What is the remainder when 25 is divided by w?
4
Suppose 3*o - o = 280. Let r = 6 + o. Suppose -4*b + 50 = -r. Calculate the remainder when b is divided by 10.
9
Suppose 4*u + 58 = 2*p, -3*u + 32 - 17 = 0. Calculate the remainder when 97 is divided by p.
19
Let d = -5 + 11. Suppose -2*r - 5*l = -9, -1 = 5*l - d. Let y = -5 - -9. What is the remainder when y is divided by r?
0
Suppose r - 306 = -r. What is the remainder when r is divided by 33?
21
What is the remainder when 2205/12 + (-2)/(-8) - -4 is divided by 19?
17
Suppose 0*x + 2*l = 3*x - 82, 0 = -2*x + l + 56. What is the remainder when (-1 - (-3)/2)/((-13)/(-1534)) is divided by x?
29
Suppose -3*y + 8*y = 5*v + 165, 4*y = -2*v - 72. Let n = v - -41. Calculate the remainder when 32 is divided by n.
4
Suppose 21*t - 167 = 127. Calculate the remainder when 68 is divided by t.
12
Let v(i) be the second derivative of i**3/2 - 11*i**2/2 + 2*i. What is the remainder when (-306)/(-10) + 111/(-185) is divided by v(9)?
14
Let r = -21 - 11. Let c = 34 + r. Suppose 0*p = -p - c, 5*l - 74 = -3*p. What is the remainder when 46 is divided by l?
14
Calculate the remainder when 5 is divided by -1 + 1 - (-7)/21*12.
1
Suppose 2*f - 14 = -60. Let h(g) = -4*g**2 + 4*g - 3. Let k be h(2). Let s = k - f. What is the remainder when s is divided by 7?
5
Let j = 976 - 961. Calculate the remainder when 103 is divided by j.
13
Suppose -u + 2*q + 46 = 0, -137 - 109 = -5*u + 2*q. What is the remainder when 199 is divided by u?
49
Let f be ((-4)/6)/(-2) - (-96)/9. Suppose -f = -6*q + 49. What is the remainder when q is divided by 7?
3
Suppose 182*t - 177*t - 110 = 0. Calculate the remainder when 282 is divided by t.
18
Let c be 9/18 - (3/2 - 1). What is the remainder when 11 is divided by 